{"id":10,"date":"2015-02-06T21:25:47","date_gmt":"2015-02-06T20:25:47","guid":{"rendered":"http:\/\/www.byggarkitekt.se\/?page_id=10"},"modified":"2021-12-21T21:51:22","modified_gmt":"2021-12-21T20:51:22","slug":"10-2","status":"publish","type":"page","link":"http:\/\/www.byggarkitekt.se\/","title":{"rendered":"Byggarkitekter &#038; byggkonsulter"},"content":{"rendered":"<h4><\/h4>\n<p><strong>Era\u00a0id\u00e9er\u00a0\u00e4r v\u00e5r utmaning<\/strong><\/p>\n<p>Vi \u00e4r byggakt\u00f6rer\/ &#8211; ingenj\u00f6rer som samarbetar f\u00f6r att skapa b\u00e4sta m\u00f6jliga byggprocess f\u00f6r byggherrar, stora som sm\u00e5, fr\u00e5n id\u00e9 till f\u00e4rdig byggnad.<\/p>\n<p>Vi skapar ritningsunderlag f\u00f6r era byggnader allt utifr\u00e5n era \u00f6nskem\u00e5l, f\u00f6rslag och lokalisering, varefter vi uppr\u00e4ttar<\/p>\n<p>-bygglovshandlingar<br \/>\n-kontrollplaner-konstruktionsl\u00f6sningar inf\u00f6r konstruktionsber\u00e4kning<br \/>\n-tillverkningsritningar f\u00f6r byggnader (en- \u00a0tv\u00e5- och flerbostadshus, \u00a0fritidshus, kontor mm)<\/p>\n<p>Vi hj\u00e4lper er att tolka detaljplaner f\u00f6r bygglov samt vad som g\u00e4ller enligt\u00a0PBL (plan- o bygglagen) och med ans\u00f6kningar om bygglov \/ anm\u00e4lan.<\/p>\n<p>Vi uppr\u00e4ttar \u00e4ven energiber\u00e4kningar enligt Boverkets byggregler.<\/p>\n<h6><\/h6>\n","protected":false},"excerpt":{"rendered":"<p>Era\u00a0id\u00e9er\u00a0\u00e4r v\u00e5r utmaning Vi \u00e4r byggakt\u00f6rer\/ &#8211; ingenj\u00f6rer som samarbetar f\u00f6r att skapa b\u00e4sta m\u00f6jliga byggprocess f\u00f6r byggherrar, stora som sm\u00e5, fr\u00e5n id\u00e9 till f\u00e4rdig byggnad. Vi skapar ritningsunderlag f\u00f6r era byggnader allt utifr\u00e5n era \u00f6nskem\u00e5l, f\u00f6rslag och lokalisering, varefter vi uppr\u00e4ttar -bygglovshandlingar -kontrollplaner-konstruktionsl\u00f6sningar inf\u00f6r konstruktionsber\u00e4kning -tillverkningsritningar f\u00f6r byggnader (en- \u00a0tv\u00e5- och flerbostadshus, \u00a0fritidshus, kontor &hellip; <a href=\"http:\/\/www.byggarkitekt.se\/\" class=\"more-link\">Forts\u00e4tt l\u00e4sa <span class=\"screen-reader-text\">Byggarkitekter &#038; byggkonsulter<\/span> <span class=\"meta-nav\">&rarr;<\/span><\/a><\/p>\n","protected":false},"author":1,"featured_media":88,"parent":0,"menu_order":1,"comment_status":"closed","ping_status":"closed","template":"","meta":{"footnotes":""},"class_list":["post-10","page","type-page","status-publish","has-post-thumbnail","hentry"],"_links":{"self":[{"href":"http:\/\/www.byggarkitekt.se\/index.php?rest_route=\/wp\/v2\/pages\/10"}],"collection":[{"href":"http:\/\/www.byggarkitekt.se\/index.php?rest_route=\/wp\/v2\/pages"}],"about":[{"href":"http:\/\/www.byggarkitekt.se\/index.php?rest_route=\/wp\/v2\/types\/page"}],"author":[{"embeddable":true,"href":"http:\/\/www.byggarkitekt.se\/index.php?rest_route=\/wp\/v2\/users\/1"}],"replies":[{"embeddable":true,"href":"http:\/\/www.byggarkitekt.se\/index.php?rest_route=%2Fwp%2Fv2%2Fcomments&post=10"}],"version-history":[{"count":30,"href":"http:\/\/www.byggarkitekt.se\/index.php?rest_route=\/wp\/v2\/pages\/10\/revisions"}],"predecessor-version":[{"id":130,"href":"http:\/\/www.byggarkitekt.se\/index.php?rest_route=\/wp\/v2\/pages\/10\/revisions\/130"}],"wp:featuredmedia":[{"embeddable":true,"href":"http:\/\/www.byggarkitekt.se\/index.php?rest_route=\/wp\/v2\/media\/88"}],"wp:attachment":[{"href":"http:\/\/www.byggarkitekt.se\/index.php?rest_route=%2Fwp%2Fv2%2Fmedia&parent=10"}],"curies":[{"name":"wp","href":"https:\/\/api.w.org\/{rel}","templated":true}]}}