{"id":25,"date":"2015-02-06T21:55:30","date_gmt":"2015-02-06T20:55:30","guid":{"rendered":"http:\/\/www.byggarkitekt.se\/?page_id=25"},"modified":"2021-12-21T21:51:43","modified_gmt":"2021-12-21T20:51:43","slug":"kontakt","status":"publish","type":"page","link":"http:\/\/www.byggarkitekt.se\/?page_id=25","title":{"rendered":"Kontakt"},"content":{"rendered":"<p>F\u00f6r utformning \/ arkitektur\/ planl\u00f6sningar mm, bygglov, PBL-fr\u00e5gor (plan- o bygglagen) och fr\u00e5gor om detaljplaner ta kontakt via e-post med:<br \/>\n<a href=\"mailto:per@byggarkitekt.se\">Per Bladh<\/a><\/p>\n<p>F\u00f6r projektering, konstruktioner, energiber\u00e4kningar, byggledning och certifierad kontrollansvarig enligt PBL:<br \/>\n<a href=\"mailto:rickard@rpbyggledning.se\">Rickard Paulsson, RP-Byggledning<\/a><\/p>\n<p>Fyll i nedanst\u00e5ende kontaktformul\u00e4r om vad ni vill ha hj\u00e4lp med. Gl\u00f6m inte att skriva till vem av ovanst\u00e5ende ni vill ha kontakt med.<br \/>\nAlternativt h\u00f6gerklickar ni p\u00e5 n\u00e5got av namnen, kopierar e-postadressen och skickar fr\u00e5n ert eget e-post program.<\/p>\n<div role=\"form\" class=\"wpcf7\" id=\"wpcf7-f53-o1\" lang=\"sv-SE\" dir=\"ltr\">\n<div class=\"screen-reader-response\"><\/div>\n<form action=\"\/index.php?rest_route=%2Fwp%2Fv2%2Fpages%2F25#wpcf7-f53-o1\" method=\"post\" class=\"wpcf7-form\" novalidate=\"novalidate\">\n<div style=\"display: none;\">\n<input type=\"hidden\" name=\"_wpcf7\" value=\"53\" \/>\n<input type=\"hidden\" name=\"_wpcf7_version\" value=\"5.1.5\" \/>\n<input type=\"hidden\" name=\"_wpcf7_locale\" value=\"sv_SE\" \/>\n<input type=\"hidden\" name=\"_wpcf7_unit_tag\" value=\"wpcf7-f53-o1\" \/>\n<input type=\"hidden\" name=\"_wpcf7_container_post\" value=\"0\" \/>\n<input type=\"hidden\" name=\"g-recaptcha-response\" value=\"\" \/>\n<\/div>\n<p>Ditt namn (obligatorisk)<br \/>\n    <span class=\"wpcf7-form-control-wrap your-name\"><input type=\"text\" name=\"your-name\" value=\"\" size=\"40\" class=\"wpcf7-form-control wpcf7-text wpcf7-validates-as-required\" aria-required=\"true\" aria-invalid=\"false\" \/><\/span> <\/p>\n<p>Din epost (obligatorisk)<br \/>\n    <span class=\"wpcf7-form-control-wrap your-email\"><input type=\"email\" name=\"your-email\" value=\"\" size=\"40\" class=\"wpcf7-form-control wpcf7-text wpcf7-email wpcf7-validates-as-required wpcf7-validates-as-email\" aria-required=\"true\" aria-invalid=\"false\" \/><\/span> <\/p>\n<p>\u00c4mne<br \/>\n    <span class=\"wpcf7-form-control-wrap your-subject\"><input type=\"text\" name=\"your-subject\" value=\"\" size=\"40\" class=\"wpcf7-form-control wpcf7-text\" aria-invalid=\"false\" \/><\/span> <\/p>\n<p>Ditt meddelande<br \/>\n    <span class=\"wpcf7-form-control-wrap your-message\"><textarea name=\"your-message\" cols=\"40\" rows=\"10\" class=\"wpcf7-form-control wpcf7-textarea\" aria-invalid=\"false\"><\/textarea><\/span> <\/p>\n<p><input type=\"submit\" value=\"Skicka\" class=\"wpcf7-form-control wpcf7-submit\" \/><\/p>\n<div class=\"wpcf7-response-output wpcf7-display-none\"><\/div><\/form><\/div>\n","protected":false},"excerpt":{"rendered":"<p>F\u00f6r utformning \/ arkitektur\/ planl\u00f6sningar mm, bygglov, PBL-fr\u00e5gor (plan- o bygglagen) och fr\u00e5gor om detaljplaner ta kontakt via e-post med: Per Bladh F\u00f6r projektering, konstruktioner, energiber\u00e4kningar, byggledning och certifierad kontrollansvarig enligt PBL: Rickard Paulsson, RP-Byggledning Fyll i nedanst\u00e5ende kontaktformul\u00e4r om vad ni vill ha hj\u00e4lp med. Gl\u00f6m inte att skriva till vem av ovanst\u00e5ende ni &hellip; <a href=\"http:\/\/www.byggarkitekt.se\/?page_id=25\" class=\"more-link\">Forts\u00e4tt l\u00e4sa <span class=\"screen-reader-text\">Kontakt<\/span> <span class=\"meta-nav\">&rarr;<\/span><\/a><\/p>\n","protected":false},"author":1,"featured_media":0,"parent":0,"menu_order":6,"comment_status":"closed","ping_status":"closed","template":"","meta":{"footnotes":""},"class_list":["post-25","page","type-page","status-publish","hentry"],"_links":{"self":[{"href":"http:\/\/www.byggarkitekt.se\/index.php?rest_route=\/wp\/v2\/pages\/25"}],"collection":[{"href":"http:\/\/www.byggarkitekt.se\/index.php?rest_route=\/wp\/v2\/pages"}],"about":[{"href":"http:\/\/www.byggarkitekt.se\/index.php?rest_route=\/wp\/v2\/types\/page"}],"author":[{"embeddable":true,"href":"http:\/\/www.byggarkitekt.se\/index.php?rest_route=\/wp\/v2\/users\/1"}],"replies":[{"embeddable":true,"href":"http:\/\/www.byggarkitekt.se\/index.php?rest_route=%2Fwp%2Fv2%2Fcomments&post=25"}],"version-history":[{"count":23,"href":"http:\/\/www.byggarkitekt.se\/index.php?rest_route=\/wp\/v2\/pages\/25\/revisions"}],"predecessor-version":[{"id":131,"href":"http:\/\/www.byggarkitekt.se\/index.php?rest_route=\/wp\/v2\/pages\/25\/revisions\/131"}],"wp:attachment":[{"href":"http:\/\/www.byggarkitekt.se\/index.php?rest_route=%2Fwp%2Fv2%2Fmedia&parent=25"}],"curies":[{"name":"wp","href":"https:\/\/api.w.org\/{rel}","templated":true}]}}